e prime factors of 16.
2
What are the prime factors of 1300?
2, 5, 13
List the prime factors of 3415.
5, 683
What are the prime factors of 24589?
67, 367
What are the prime factors of 72573?
3, 17, 1423
What are the prime factors of 16526?
2, 8263
What are the prime factors of 2981?
11, 271
List the prime factors of 17699.
11, 1609
What are the prime factors of 8827?
7, 13, 97
What are the prime factors of 328?
2, 41
List the prime factors of 330.
2, 3, 5, 11
List the prime factors of 23389.
19, 1231
What are the prime factors of 2080?
2, 5, 13
List the prime factors of 37699.
37699
List the prime factors of 419.
419
List the prime factors of 909.
3, 101
List the prime factors of 13983.
3, 59, 79
What are the prime factors of 8287?
8287
What are the prime factors of 166006?
2, 83003
What are the prime factors of 125509?
125509
What are the prime factors of 108267?
3, 151, 239
List the prime factors of 4998.
2, 3, 7, 17
What are the prime factors of 47126?
2, 23563
List the prime factors of 2572.
2, 643
List the prime factors of 3586.
2, 11, 163
What are the prime factors of 78?
2, 3, 13
What are the prime factors of 39661?
17, 2333
What are the prime factors of 64586?
2, 43, 751
List the prime factors of 1702.
2, 23, 37
What are the prime factors of 23548?
2, 7, 29
List the prime factors of 4863.
3, 1621
List the prime factors of 104006.
2, 7, 17, 19, 23
List the prime factors of 68274.
2, 3, 3793
What are the prime factors of 7402?
2, 3701
List the prime factors of 25846.
2, 12923
List the prime factors of 12781.
12781
What are the prime factors of 42503?
19, 2237
What are the prime factors of 37746?
2, 3, 233
What are the prime factors of 248?
2, 31
List the prime factors of 61786.
2, 30893
List the prime factors of 5698.
2, 7, 11, 37
List the prime factors of 12588.
2, 3, 1049
What are the prime factors of 38103?
3, 13, 977
What are the prime factors of 315?
3, 5, 7
What are the prime factors of 379?
379
List the prime factors of 3713.
47, 79
What are the prime factors of 2?
2
What are the prime factors of 97?
97
List the prime factors of 18365.
5, 3673
List the prime factors of 27096.
2, 3, 1129
List the prime factors of 1405.
5, 281
List the prime factors of 5472.
2, 3, 19
List the prime factors of 499.
499
What are the prime factors of 176?
2, 11
List the prime factors of 1946.
2, 7, 139
List the prime factors of 723.
3, 241
List the prime factors of 73324.
2, 23, 797
List the prime factors of 15539.
41, 379
What are the prime factors of 1203?
3, 401
What are the prime factors of 12028?
2, 31, 97
What are the prime factors of 1932?
2, 3, 7, 23
What are the prime factors of 414?
2, 3, 23
List the prime factors of 285.
3, 5, 19
List the prime factors of 12033.
3, 7, 191
What are the prime factors of 314?
2, 157
List the prime factors of 854.
2, 7, 61
What are the prime factors of 1509?
3, 503
What are the prime factors of 14622?
2, 3, 2437
List the prime factors of 3900.
2, 3, 5, 13
What are the prime factors of 15142?
2, 67, 113
List the prime factors of 3555.
3, 5, 79
What are the prime factors of 9056?
2, 283
What are the prime factors of 1020?
2, 3, 5, 17
What are the prime factors of 13796?
2, 3449
What are the prime factors of 11575?
5, 463
List the prime factors of 22851.
3, 2539
List the prime factors of 42817.
47, 911
List the prime factors of 35095.
5, 7019
List the prime factors of 2810.
2, 5, 281
List the prime factors of 689.
13, 53
List the prime factors of 168562.
2, 271, 311
What are the prime factors of 82?
2, 41
List the prime factors of 3274.
2, 1637
What are the prime factors of 1910?
2, 5, 191
What are the prime factors of 718?
2, 359
What are the prime factors of 124374?
2, 3, 19, 1091
What are the prime factors of 201?
3, 67
What are the prime factors of 463?
463
What are the prime factors of 1381?
1381
What are the prime factors of 6298?
2, 47, 67
List the prime factors of 85115.
5, 29, 587
List the prime factors of 637.
7, 13
What are the prime factors of 97264?
2, 6079
List the prime factors of 13103.
13103
What are the prime factors of 9574?
2, 4787
What are the prime factors of 5330?
2, 5, 13, 41
List the prime factors of 939.
3, 313
List the prime factors of 805.
5, 7, 23
What are the prime factors of 117?
3, 13
List the prime factors of 107698.
2, 53849
What are the prime factors of 994?
2, 7, 71
List the prime factors of 2564.
2, 641
What are the prime factors of 817?
19, 43
List the prime factors of 3082.
2, 23, 67
What are the prime factors of 354?
2, 3, 59
What are the prime factors of 10034?
2, 29, 173
What are the prime factors of 604?
2, 151
List the prime factors of 47303.
47303
What are the prime factors of 119?
7, 17
What are the prime factors of 2389?
2389
List the prime factors of 11459.
7, 1637
What are the prime factors of 14972?
2, 19, 197
What are the prime factors of 379?
379
What are the prime factors of 2499?
3, 7, 17
List the prime factors of 1194.
2, 3, 199
What are the prime factors of 197?
197
List the prime factors of 1548.
2, 3, 43
What are the prime factors of 14944?
2, 467
What are the prime factors of 4783?
4783
List the prime factors of 3089.
3089
List the prime factors of 318.
2, 3, 53
List the prime factors of 17738.
2, 7, 181
What are the prime factors of 178?
2, 89
List the prime factors of 959.
7, 137
What are the prime factors of 7965?
3, 5, 59
List the prime factors of 104.
2, 13
What are the prime factors of 623?
7, 89
What are the prime factors of 2440?
2, 5, 61
List the prime factors of 6952.
2, 11, 79
List the prime factors of 12177.
3, 11, 41
List the prime factors of 116786.
2, 58393
What are the prime factors of 13507?
13, 1039
List the prime factors of 35581.
7, 13, 17, 23
What are the prime factors of 14783?
14783
List the prime factors of 1243.
11, 113
What are the prime factors of 10791?
3, 11, 109
What are the prime factors of 18058?
2, 9029
List the prime factors of 1970.
2, 5, 197
List the prime factors of 1539.
3, 19
List the prime factors of 155.
5, 31
What are the prime factors of 761?
761
What are the prime factors of 14119?
7, 2017
List the prime factors of 378.
2, 3, 7
What are the prime factors of 945?
3, 5, 7
What are the prime factors of 8036?
2, 7, 41
What are the prime factors of 10826?
2, 5413
What are the prime factors of 18423?
3, 23, 89
What are the prime factors of 17650?
2, 5, 353
What are the prime factors of 356?
2, 89
What are the prime factors of 4286?
2, 2143
What are the prime factors of 95178?
2, 3, 29, 547
List the prime factors of 747.
3, 83
List the prime factors of 2717.
11, 13, 19
List the prime factors of 2103.
3, 701
What are the prime factors of 64270?
2, 5, 6427
List the prime factors of 25205.
5, 71
What are the prime factors of 10304?
2, 7, 23
List the prime factors of 1319.
1319
List the prime factors of 56790.
2, 3, 5, 631
What are the prime factors of 519?
3, 173
What are the prime factors of 6528?
2, 3, 17
List the prime factors of 8806.
2, 7, 17, 37
What are the prime factors of 59655?
3, 5, 41, 97
What are the prime factors of 2370?
2, 3, 5, 79
What are the prime factors of 902?
2, 11, 41
What are the prime factors of 2820?
2, 3, 5, 47
What are the prime factors of 2120?
2, 5, 53
List the prime factors of 4953.
3, 13, 127
What are the prime factors of 126?
2, 3, 7
What are the prime factors of 4525?
5, 181
What are the prime factors of 21082?
2, 83, 127
What are the prime factors of 83392?
2, 1303
What are the prime factors of 1010?
2, 5, 101
What are the prime factors of 4546?
2, 2273
What are the prime factors of 12207?
3, 13, 313
What are the prime factors of 9440?
2, 5, 59
List the prime factors of 101431.
11, 9221
What are the prime factors of 1903?
11, 173
What are the prime factors of 10191?
3, 43, 79
What are the prime factors of 692?
2, 173
What are the prime factors of 9544?
2, 1193
What are the prime factors of 904?
2, 113
List the prime factors of 240.
2, 3, 5
List the prime factors of 17164.
2, 7, 613
List the prime factors of 5679.
3, 631
What are the prime factors of 5359?
23, 233
What are the prime factors of 103441?
13, 73, 109
What are the prime factors of 88728?
2, 3, 3697
What are the prime factors of 33244?
2, 8311
What are the prime factors of 103289?
103289
List the prime factors of 8776.
2, 1